{"id":1034,"date":"2024-01-29T11:53:24","date_gmt":"2024-01-29T10:53:24","guid":{"rendered":"https:\/\/www.blackseven.at\/?page_id=1034"},"modified":"2024-01-29T12:36:18","modified_gmt":"2024-01-29T11:36:18","slug":"saison-2023","status":"publish","type":"page","link":"https:\/\/www.blackseven.at\/?page_id=1034","title":{"rendered":"Saison 2023"},"content":{"rendered":"\n<h2 class=\"wp-block-heading\"><strong>Mannschaftsliga 2023<\/strong><\/h2>\n\n\n\n<iframe loading=\"lazy\" src=\"https:\/\/WL48www17.webland.ch\/impl\/rangliste_impl_svv_mannschaft.asp?t_id=753\" scrolling=\"yes\" width=\"1000\" height=\"300\" frameborder=\"0\"><\/iframe>\n\n\n\n<h2 class=\"wp-block-heading\"><strong>Einzelrangliste ASL&nbsp;(\u00d6SBV)<\/strong><\/h2>\n\n\n\n<p>Die aktuelle Einzelrangsliste des \u00d6SBV (\u00d6sterreichischer Snooker und Billardsverband) findet ihr jeweils auf der Homepage des \u00d6SBV: <a aria-label=\" (\u00f6ffnet in neuem Tab)\" rel=\"noreferrer noopener\" href=\"http:\/\/www.austriansnooker.at\/ranglisten\/\" target=\"_blank\">http:\/\/www.austriansnooker.at\/ranglisten<\/a> <\/p>\n\n\n\n<h2 class=\"wp-block-heading\"><strong>Einzelrangliste Vlbg.&nbsp;(SVV)<\/strong><\/h2>\n\n\n\n<iframe loading=\"lazy\" src=\"https:\/\/WL48www17.webland.ch\/impl\/rangliste_impl_svv.asp?opt=2023\" scrolling=\"yes\" width=\"100%\" height=\"1400\" frameborder=\"0\">&lt;span class=&#8221;mce_SELRES_start&#8221; style=&#8221;width: 0px; line-height: 0; overflow: hidden; display: inline-block;&#8221; data-mce-type=&#8221;bookmark&#8221;&gt;\ufeff&lt;\/span&gt;<\/iframe>\n","protected":false},"excerpt":{"rendered":"<p>Mannschaftsliga 2023 Einzelrangliste ASL&nbsp;(\u00d6SBV) Die aktuelle Einzelrangsliste des \u00d6SBV (\u00d6sterreichischer Snooker und Billardsverband) findet ihr jeweils auf der Homepage des \u00d6SBV: http:\/\/www.austriansnooker.at\/ranglisten Einzelrangliste Vlbg.&nbsp;(SVV) &lt;span class=&#8221;mce_SELRES_start&#8221; style=&#8221;width: 0px; line-height: 0; overflow: hidden; display: inline-block;&#8221; data-mce-type=&#8221;bookmark&#8221;&gt;\ufeff&lt;\/span&gt;<\/p>\n","protected":false},"author":2,"featured_media":0,"parent":0,"menu_order":0,"comment_status":"closed","ping_status":"closed","template":"","meta":{"footnotes":""},"class_list":["post-1034","page","type-page","status-publish","hentry"],"jetpack_sharing_enabled":true,"_links":{"self":[{"href":"https:\/\/www.blackseven.at\/index.php?rest_route=\/wp\/v2\/pages\/1034","targetHints":{"allow":["GET"]}}],"collection":[{"href":"https:\/\/www.blackseven.at\/index.php?rest_route=\/wp\/v2\/pages"}],"about":[{"href":"https:\/\/www.blackseven.at\/index.php?rest_route=\/wp\/v2\/types\/page"}],"author":[{"embeddable":true,"href":"https:\/\/www.blackseven.at\/index.php?rest_route=\/wp\/v2\/users\/2"}],"replies":[{"embeddable":true,"href":"https:\/\/www.blackseven.at\/index.php?rest_route=%2Fwp%2Fv2%2Fcomments&post=1034"}],"version-history":[{"count":7,"href":"https:\/\/www.blackseven.at\/index.php?rest_route=\/wp\/v2\/pages\/1034\/revisions"}],"predecessor-version":[{"id":1065,"href":"https:\/\/www.blackseven.at\/index.php?rest_route=\/wp\/v2\/pages\/1034\/revisions\/1065"}],"wp:attachment":[{"href":"https:\/\/www.blackseven.at\/index.php?rest_route=%2Fwp%2Fv2%2Fmedia&parent=1034"}],"curies":[{"name":"wp","href":"https:\/\/api.w.org\/{rel}","templated":true}]}}