{"id":909,"date":"2022-08-29T09:24:21","date_gmt":"2022-08-29T08:24:21","guid":{"rendered":"https:\/\/www.blackseven.at\/?page_id=909"},"modified":"2024-01-29T12:29:56","modified_gmt":"2024-01-29T11:29:56","slug":"saison-2020","status":"publish","type":"page","link":"https:\/\/www.blackseven.at\/?page_id=909","title":{"rendered":"Saison 2020"},"content":{"rendered":"\n<h2 class=\"wp-block-heading\"><strong>Mannschaftsliga 2020<\/strong><\/h2>\n\n\n\n<iframe loading=\"lazy\" src=\"https:\/\/WL48www17.webland.ch\/impl\/rangliste_impl_svv_mannschaft.asp?t_id=586\" scrolling=\"yes\" width=\"1000\" height=\"400\" frameborder=\"0\"><\/iframe>\n\n\n\n<iframe loading=\"lazy\" src=\"https:\/\/wl48www17.webland.ch\/impl\/highest_breaks_impl.asp?t_id=586\" scrolling=\"yes\" width=\"1000\" height=\"400\" frameborder=\"0\"><\/iframe>\n\n\n\n<h2 class=\"wp-block-heading\"><strong>Einzelrangliste ASL&nbsp;(\u00d6SBV)<\/strong><\/h2>\n\n\n\n<p>Die aktuelle Einzelrangsliste des \u00d6SBV (\u00d6sterreichischer Snooker und Billardsverband) findet ihr jeweils auf der Homepage des \u00d6SBV: <a aria-label=\" (\u00f6ffnet in neuem Tab)\" rel=\"noreferrer noopener\" href=\"http:\/\/www.austriansnooker.at\/ranglisten\/\" target=\"_blank\">http:\/\/www.austriansnooker.at\/ranglisten<\/a> <\/p>\n\n\n\n<h2 class=\"wp-block-heading\"><strong>Einzelrangliste Vlbg.&nbsp;(SVV)<\/strong><\/h2>\n\n\n\n<iframe loading=\"lazy\" src=\"https:\/\/WL48www17.webland.ch\/impl\/rangliste_impl_svv.asp?opt=2020\" scrolling=\"yes\" width=\"100%\" height=\"1200\" frameborder=\"0\">&lt;span class=&#8221;mce_SELRES_start&#8221; style=&#8221;width: 0px; line-height: 0; overflow: hidden; display: inline-block;&#8221; data-mce-type=&#8221;bookmark&#8221;&gt;\ufeff&lt;\/span&gt;<\/iframe>\n\n\n\n<figure class=\"wp-block-image\"><img loading=\"lazy\" decoding=\"async\" width=\"1024\" height=\"341\" src=\"https:\/\/www.blackseven.at\/wp-content\/SliderASL-1024x341.jpg\" alt=\"\" class=\"wp-image-241\" srcset=\"https:\/\/www.blackseven.at\/wp-content\/SliderASL-1024x341.jpg 1024w, https:\/\/www.blackseven.at\/wp-content\/SliderASL-300x100.jpg 300w, https:\/\/www.blackseven.at\/wp-content\/SliderASL-768x256.jpg 768w, https:\/\/www.blackseven.at\/wp-content\/SliderASL.jpg 1200w\" sizes=\"auto, (max-width: 1024px) 100vw, 1024px\" \/><\/figure>\n\n\n\n<p><strong>ASL Grand Prix und ASL Challenge West (Runde 2\/2020)<\/strong><\/p>\n\n\n\n<h3 class=\"wp-block-heading\">ASL GRAND PRIX (PBSSC)<\/h3>\n\n\n\n<p><strong>Florian N\u00fc\u00dfle (BULLS)<\/strong>&nbsp;hat das Finale beim PBSSC im Patricks \u2013 Rankweil gegen&nbsp;<strong>Philipp Koch (HSEBC)<\/strong>&nbsp;mit 4:2 gewonnen. Das kleine Finale gewann&nbsp;<strong>Thomas Janzso (HSEBC)<\/strong>&nbsp;gegen&nbsp;<strong>J\u00e9r\u00f3me Liedkte (Snock)<\/strong>&nbsp;mit 4:1.<\/p>\n\n\n\n<p>Der einzige Vorarlberg Teilnehmer war&nbsp;<strong>Arno Schwarzmann (TRSCL)<\/strong>. Arno verlor in der ersten Runde gegen Mario Bodlos (TSG) mit 4:0 und konnte sich dann im Platzierungsspiel gegen&nbsp;<strong>Carl Walter Steiner (HSEBC)<\/strong>&nbsp;mit 3:2 durchsetzen und wurde neunter.<\/p>\n\n\n\n<p><strong>Turnier-Highbreak: 99<\/strong>&nbsp;(Florian N\u00fc\u00dfle, BULLS)<\/p>\n\n\n\n<p><a href=\"https:\/\/online.austriansnooker.at\/turnier\/1486\" target=\"_blank\" rel=\"noreferrer noopener\">&gt;&gt; zum Raster &lt;&lt;<\/a><\/p>\n\n\n\n<figure class=\"wp-block-image\"><img loading=\"lazy\" decoding=\"async\" width=\"800\" height=\"450\" src=\"https:\/\/www.blackseven.at\/wp-content\/2020-03-01-Siegerehrung-ASL-GP-2-2020-PBSSC.jpg\" alt=\"\" class=\"wp-image-704\" srcset=\"https:\/\/www.blackseven.at\/wp-content\/2020-03-01-Siegerehrung-ASL-GP-2-2020-PBSSC.jpg 800w, https:\/\/www.blackseven.at\/wp-content\/2020-03-01-Siegerehrung-ASL-GP-2-2020-PBSSC-300x169.jpg 300w, https:\/\/www.blackseven.at\/wp-content\/2020-03-01-Siegerehrung-ASL-GP-2-2020-PBSSC-768x432.jpg 768w\" sizes=\"auto, (max-width: 800px) 100vw, 800px\" \/><figcaption class=\"wp-element-caption\">v.l.n.r. Philipp Koch, Florian N\u00fc\u00dfle, Thomas Janzso, Marco Sto\u00df (Turnierleitung)<\/figcaption><\/figure>\n\n\n\n<h3 class=\"wp-block-heading\">ASL Challenge West (CSC, Innsbruck)<\/h3>\n\n\n\n<p>Am selben Wochenende (Samstag, 29.02.2020) konnte sich Dominik Petzold (TRSCL) im Finale gegen unser Clubmitglied Mathias Kopf (PBSSC) knapp mit 3:2 durchsetzen und gewann somit die&nbsp;ASL Challenge West&nbsp;beim CSC Innsbruck. Auf Platz 3 schaffte es Wolfgang Knapp (CSC), welcher das kleine Finale gegen Marco Raidt (TRSCL) mit 2:0 f\u00fcr sich entscheiden konnte.<\/p>\n\n\n\n<p><strong>Turnier-Highbreak: 37<\/strong>&nbsp;(Dominik Petzold, TRSCL)<\/p>\n\n\n\n<p><a href=\"https:\/\/online.austriansnooker.at\/turnier\/1488\" target=\"_blank\" rel=\"noreferrer noopener\">&gt;&gt; zum Raster &lt;&lt;<\/a><\/p>\n\n\n\n<figure class=\"wp-block-image\"><img loading=\"lazy\" decoding=\"async\" width=\"800\" height=\"450\" src=\"https:\/\/www.blackseven.at\/wp-content\/2020-02-29-Siegerehrung-ASL-CHW-2-2020-CSC.jpg\" alt=\"\" class=\"wp-image-703\" srcset=\"https:\/\/www.blackseven.at\/wp-content\/2020-02-29-Siegerehrung-ASL-CHW-2-2020-CSC.jpg 800w, https:\/\/www.blackseven.at\/wp-content\/2020-02-29-Siegerehrung-ASL-CHW-2-2020-CSC-300x169.jpg 300w, https:\/\/www.blackseven.at\/wp-content\/2020-02-29-Siegerehrung-ASL-CHW-2-2020-CSC-768x432.jpg 768w\" sizes=\"auto, (max-width: 800px) 100vw, 800px\" \/><figcaption class=\"wp-element-caption\">v.l.n.r. Mathias Kopf, Dominik Petzold, Wolfgang Knapp<\/figcaption><\/figure>\n\n\n\n<p><strong>ASL Challenge West + Qualifier Vlbg. (Runde 1\/2020)<\/strong><\/p>\n\n\n\n<p><strong>ASL Challenge West (Runde 01\/2020)<\/strong><\/p>\n\n\n\n<p>Am Samstag, 01.02.2020 startete beim TRSCL in Lustenau auch die ASL (Austrian Snooker League) in der neuen Saison.&nbsp;<strong>Arno Schwarzmann (TRSCL)<\/strong>&nbsp;hat das Finale mit 3:0 gegen&nbsp;<strong>Mathias Kopf (PBSSC)<\/strong>&nbsp;gewonnen. Auf den dritten Platz schaffte es&nbsp;<strong>Wolfgang Knapp<\/strong>&nbsp;gegen seinen Clubollegen&nbsp;<strong>Sebastian Meyer (beide CSC, Innsbruck)<\/strong>, weil er das kleine Finale knapp mit 2:1 f\u00fcr sich entscheiden konnte.<\/p>\n\n\n\n<p><strong>Turnier-Highbreak: 46<\/strong>&nbsp;(Mathias Kopf, PBSSC)<br><a href=\"https:\/\/online.austriansnooker.at\/turnier\/1459\" target=\"_blank\" rel=\"noreferrer noopener\">&gt;&gt; zum Raster &lt;&lt;<\/a><\/p>\n\n\n\n<p><strong>ASL Challenge Qualifier Vlbg. (Runde 01\/2020)<\/strong><\/p>\n\n\n\n<p>Zwei Wochen sp\u00e4ter (15.\/16.02.2020) gewann&nbsp;<strong>Dominik Petzold (TRSCL)<\/strong>&nbsp;das erste ASL Qualifier Vlbg. im Finale gegen&nbsp;<strong>Roger Hohl (FRSCA)<\/strong>&nbsp;mit 3:2. Der dritte Platz ging an&nbsp;<strong>Joachim Gantner (PBSSC)<\/strong>, welcher das kleine Finale gegen&nbsp;<strong>Stefan Heinzle (TRSCL)<\/strong>&nbsp;mit 2:0 gewinnen konnte. Auf dieses Turnier wurde beim TRSCL in Lustenau ausgetragen.<\/p>\n\n\n\n<p><strong>Turnier-Highbreak: 50<\/strong>&nbsp;(Dominik Petzold, TRSCL)<br><a href=\"https:\/\/online.austriansnooker.at\/turnier\/1483\" target=\"_blank\" rel=\"noreferrer noopener\">&gt;&gt; zum Raster &lt;&lt;<\/a><\/p>\n\n\n\n<figure class=\"wp-block-image\"><img loading=\"lazy\" decoding=\"async\" width=\"800\" height=\"423\" src=\"https:\/\/www.blackseven.at\/wp-content\/2020-02-15-Siegerehrung-ASL-CHQ01-2020.jpg\" alt=\"\" class=\"wp-image-685\" srcset=\"https:\/\/www.blackseven.at\/wp-content\/2020-02-15-Siegerehrung-ASL-CHQ01-2020.jpg 800w, https:\/\/www.blackseven.at\/wp-content\/2020-02-15-Siegerehrung-ASL-CHQ01-2020-300x159.jpg 300w, https:\/\/www.blackseven.at\/wp-content\/2020-02-15-Siegerehrung-ASL-CHQ01-2020-768x406.jpg 768w\" sizes=\"auto, (max-width: 800px) 100vw, 800px\" \/><figcaption class=\"wp-element-caption\">v.l.n.r.: Roger Hohl (FRSCA), Dominik Petzold (TRSCL), Joachim Gantner (PBSSC)<\/figcaption><\/figure>\n","protected":false},"excerpt":{"rendered":"<p>Mannschaftsliga 2020 Einzelrangliste ASL&nbsp;(\u00d6SBV) Die aktuelle Einzelrangsliste des \u00d6SBV (\u00d6sterreichischer Snooker und Billardsverband) findet ihr jeweils auf der Homepage des \u00d6SBV: http:\/\/www.austriansnooker.at\/ranglisten Einzelrangliste Vlbg.&nbsp;(SVV) &lt;span class=&#8221;mce_SELRES_start&#8221; style=&#8221;width: 0px; line-height: 0; overflow: hidden; display: inline-block;&#8221; data-mce-type=&#8221;bookmark&#8221;&gt;\ufeff&lt;\/span&gt; ASL Grand Prix und ASL Challenge West (Runde 2\/2020) ASL GRAND PRIX (PBSSC) Florian N\u00fc\u00dfle <a class=\"more-link\" href=\"https:\/\/www.blackseven.at\/?page_id=909\">&#8230; weiterlesen&#8230;<\/a><\/p>\n","protected":false},"author":2,"featured_media":0,"parent":0,"menu_order":0,"comment_status":"closed","ping_status":"closed","template":"","meta":{"footnotes":""},"class_list":["post-909","page","type-page","status-publish","hentry"],"jetpack_sharing_enabled":true,"_links":{"self":[{"href":"https:\/\/www.blackseven.at\/index.php?rest_route=\/wp\/v2\/pages\/909","targetHints":{"allow":["GET"]}}],"collection":[{"href":"https:\/\/www.blackseven.at\/index.php?rest_route=\/wp\/v2\/pages"}],"about":[{"href":"https:\/\/www.blackseven.at\/index.php?rest_route=\/wp\/v2\/types\/page"}],"author":[{"embeddable":true,"href":"https:\/\/www.blackseven.at\/index.php?rest_route=\/wp\/v2\/users\/2"}],"replies":[{"embeddable":true,"href":"https:\/\/www.blackseven.at\/index.php?rest_route=%2Fwp%2Fv2%2Fcomments&post=909"}],"version-history":[{"count":4,"href":"https:\/\/www.blackseven.at\/index.php?rest_route=\/wp\/v2\/pages\/909\/revisions"}],"predecessor-version":[{"id":1052,"href":"https:\/\/www.blackseven.at\/index.php?rest_route=\/wp\/v2\/pages\/909\/revisions\/1052"}],"wp:attachment":[{"href":"https:\/\/www.blackseven.at\/index.php?rest_route=%2Fwp%2Fv2%2Fmedia&parent=909"}],"curies":[{"name":"wp","href":"https:\/\/api.w.org\/{rel}","templated":true}]}}